{"id":248,"date":"2024-05-13T00:52:26","date_gmt":"2024-05-12T22:52:26","guid":{"rendered":"https:\/\/encofradosramallo.com\/?page_id=248"},"modified":"2024-05-28T01:35:18","modified_gmt":"2024-05-27T23:35:18","slug":"inicio","status":"publish","type":"page","link":"https:\/\/encofradosramallo.com\/","title":{"rendered":"Inicio"},"content":{"rendered":"<p>[et_pb_section fb_built=\u00bb1&#8243; _builder_version=\u00bb4.25.1&#8243; _module_preset=\u00bbdefault\u00bb background_video_mp4=\u00bbhttps:\/\/encofradosramallo.com\/wp-content\/uploads\/2024\/05\/5342015-hd_1920_1080_30fps-1.mp4&#8243; custom_margin=\u00bb||204px|||\u00bb custom_padding=\u00bb||544px|||\u00bb global_colors_info=\u00bb{}\u00bb][et_pb_row _builder_version=\u00bb4.25.1&#8243; _module_preset=\u00bbdefault\u00bb custom_padding=\u00bb290px|||||\u00bb global_colors_info=\u00bb{}\u00bb][et_pb_column type=\u00bb4_4&#8243; _builder_version=\u00bb4.25.1&#8243; _module_preset=\u00bbdefault\u00bb global_colors_info=\u00bb{}\u00bb][et_pb_text _builder_version=\u00bb4.25.1&#8243; _module_preset=\u00bbdefault\u00bb text_font=\u00bbLexend|700|||||||\u00bb text_text_color=\u00bb#FFFFFF\u00bb text_font_size=\u00bb44px\u00bb text_orientation=\u00bbcenter\u00bb module_alignment=\u00bbcenter\u00bb custom_padding=\u00bb||5px|||\u00bb animation_style=\u00bbslide\u00bb inline_fonts=\u00bbLexend Deca,Lexend\u00bb global_colors_info=\u00bb{}\u00bb]<\/p>\n<h1 style=\"text-align: center;\"><span style=\"font-family: Lexend;\"><strong><span style=\"font-size: xx-large;\"><span class=\"Rn3Z1b C9DxTc \" style=\"color: #ffffff;\">EL ARTE DE ENTENDER LA CONSTRUCCI\u00d3N<\/span><\/span><span style=\"font-size: xx-large;\"><span class=\"Rn3Z1b C9DxTc \" style=\"color: #ffffff;\"><\/span><\/span><\/strong><\/span><\/h1>\n<h1 style=\"text-align: center;\"><span style=\"font-family: Lexend;\"><strong><span style=\"font-size: xx-large;\"><span class=\"Rn3Z1b C9DxTc \" style=\"color: #ffffff;\"><\/span><\/span><\/strong><\/span><\/h1>\n<p>[\/et_pb_text][et_pb_divider divider_weight=\u00bb14px\u00bb _builder_version=\u00bb4.25.1&#8243; _module_preset=\u00bbdefault\u00bb width=\u00bb12%\u00bb module_alignment=\u00bbcenter\u00bb global_colors_info=\u00bb{}\u00bb][\/et_pb_divider][\/et_pb_column][\/et_pb_row][\/et_pb_section][et_pb_section fb_built=\u00bb1&#8243; _builder_version=\u00bb4.25.1&#8243; _module_preset=\u00bbdefault\u00bb custom_margin=\u00bb-210px|||||\u00bb global_colors_info=\u00bb{}\u00bb][et_pb_row column_structure=\u00bb1_2,1_2&#8243; _builder_version=\u00bb4.25.1&#8243; _module_preset=\u00bbdefault\u00bb global_colors_info=\u00bb{}\u00bb][et_pb_column type=\u00bb1_2&#8243; _builder_version=\u00bb4.25.1&#8243; _module_preset=\u00bbdefault\u00bb global_colors_info=\u00bb{}\u00bb][et_pb_gallery gallery_ids=\u00bb15,47,46,51,61,86,42,210,119,56,156&#8243; fullwidth=\u00bbon\u00bb _builder_version=\u00bb4.25.1&#8243; _module_preset=\u00bbdefault\u00bb global_colors_info=\u00bb{}\u00bb][\/et_pb_gallery][\/et_pb_column][et_pb_column type=\u00bb1_2&#8243; _builder_version=\u00bb4.25.1&#8243; _module_preset=\u00bbdefault\u00bb global_colors_info=\u00bb{}\u00bb][et_pb_text _builder_version=\u00bb4.25.1&#8243; _module_preset=\u00bbdefault\u00bb custom_margin=\u00bb||76px|||\u00bb global_colors_info=\u00bb{}\u00bb]<\/p>\n<div jscontroller=\"Ae65rd\" jsaction=\"touchstart:UrsOsc; click:KjsqPd; focusout:QZoaZ; mouseover:y0pDld; mouseout:dq0hvd;fv1Rjc:jbFSOd;CrfLRd:SzACGe;\" class=\"CjVfdc\"><\/div>\n<div class=\"oKdM2c ZZyype\">\n<div id=\"h.6ce9bf02b990959e_176\" class=\"hJDwNd-AhqUyc-wNfPc Ft7HRd-AhqUyc-wNfPc pSzOP-AhqUyc-wNfPc Ktthjf-AhqUyc-wNfPc jXK9ad D2fZ2 zu5uec wHaque g5GTcb\">\n<div class=\"jXK9ad-SmKAyb\">\n<div class=\"tyJCtd mGzaTb Depvyb baZpAe\">\n<h1 id=\"h.oelkzht03vvo_l\" dir=\"ltr\" class=\"zfr3Q duRjpb CDt4Ke \"><strong><span class=\"jgG6ef C9DxTc \" style=\"color: #33cccc;\">EL ARTE DE CONSTRUIR<\/span><\/strong><\/h1>\n<\/div>\n<\/div>\n<\/div>\n<\/div>\n<p>[\/et_pb_text][et_pb_text _builder_version=\u00bb4.25.1&#8243; _module_preset=\u00bbdefault\u00bb custom_padding=\u00bb||85px|||\u00bb global_colors_info=\u00bb{}\u00bb]<\/p>\n<div class=\"oKdM2c ZZyype\">\n<div id=\"h.6ce9bf02b990959e_176\" class=\"hJDwNd-AhqUyc-wNfPc Ft7HRd-AhqUyc-wNfPc pSzOP-AhqUyc-wNfPc Ktthjf-AhqUyc-wNfPc jXK9ad D2fZ2 zu5uec wHaque g5GTcb\">\n<div class=\"jXK9ad-SmKAyb\">\n<div class=\"tyJCtd mGzaTb Depvyb baZpAe\">\n<p dir=\"ltr\" class=\"zfr3Q CDt4Ke \"><span style=\"font-size: large;\"><span class=\"C9DxTc \">C<\/span><span class=\"C9DxTc \">onstruimos desde los cimientos, planificando y dise\u00f1ando cada espacio, utilizando las t\u00e9cnicas m\u00e1s innovadoras pero sin olvidar la parte m\u00e1s artesanal, tradicional y delicada que ya no se ejecuta en el sector.\u00a0<\/span><\/span><\/p>\n<p dir=\"ltr\" class=\"zfr3Q CDt4Ke \"><span style=\"font-size: large;\"><span class=\"C9DxTc \"><strong>Asesoramiento, dise\u00f1o e innovaci\u00f3n<\/strong>.<\/span><span class=\"C9DxTc \"> Nos avalan m\u00e1s de 30 a\u00f1os de experiencia y nuestra mirada a la hora de proyectar, crear y dise\u00f1ar cada proyecto, que es \u00fanico.\u00a0<\/span><\/span><\/p>\n<\/div>\n<\/div>\n<\/div>\n<\/div>\n<p>[\/et_pb_text][\/et_pb_column][\/et_pb_row][\/et_pb_section][et_pb_section fb_built=\u00bb1&#8243; fullwidth=\u00bbon\u00bb _builder_version=\u00bb4.25.1&#8243; _module_preset=\u00bbdefault\u00bb background_color=\u00bb#2596be\u00bb global_colors_info=\u00bb{}\u00bb][\/et_pb_section][et_pb_section fb_built=\u00bb1&#8243; fullwidth=\u00bbon\u00bb _builder_version=\u00bb4.25.1&#8243; _module_preset=\u00bbdefault\u00bb global_colors_info=\u00bb{}\u00bb][et_pb_fullwidth_image src=\u00bbhttps:\/\/encofradosramallo.com\/wp-content\/uploads\/2024\/05\/a24610bece96e5cfa209d03543933a8f.jpg\u00bb title_text=\u00bba24610bece96e5cfa209d03543933a8f\u00bb _builder_version=\u00bb4.25.1&#8243; _module_preset=\u00bbdefault\u00bb global_colors_info=\u00bb{}\u00bb][\/et_pb_fullwidth_image][\/et_pb_section][et_pb_section fb_built=\u00bb1&#8243; fullwidth=\u00bbon\u00bb _builder_version=\u00bb4.25.1&#8243; _module_preset=\u00bbdefault\u00bb background_color=\u00bb#2596be\u00bb global_colors_info=\u00bb{}\u00bb][\/et_pb_section][et_pb_section fb_built=\u00bb1&#8243; _builder_version=\u00bb4.25.1&#8243; _module_preset=\u00bbdefault\u00bb global_colors_info=\u00bb{}\u00bb][et_pb_row column_structure=\u00bb1_3,1_3,1_3&#8243; _builder_version=\u00bb4.25.1&#8243; _module_preset=\u00bbdefault\u00bb global_colors_info=\u00bb{}\u00bb][et_pb_column type=\u00bb1_3&#8243; _builder_version=\u00bb4.25.1&#8243; _module_preset=\u00bbdefault\u00bb global_colors_info=\u00bb{}\u00bb][et_pb_image src=\u00bbhttps:\/\/encofradosramallo.com\/wp-content\/uploads\/2024\/05\/6ec7b3fdcfac64a49da2d6e16f0d4802.png\u00bb title_text=\u00bb6ec7b3fdcfac64a49da2d6e16f0d4802&#8243; _builder_version=\u00bb4.25.1&#8243; _module_preset=\u00bbdefault\u00bb global_colors_info=\u00bb{}\u00bb][\/et_pb_image][et_pb_text _builder_version=\u00bb4.25.1&#8243; _module_preset=\u00bbdefault\u00bb hover_enabled=\u00bb0&#8243; global_colors_info=\u00bb{}\u00bb sticky_enabled=\u00bb0&#8243;]<\/p>\n<h2 style=\"text-align: center;\"><a href=\"https:\/\/sites.google.com\/view\/encofrados-ramallo\/servicios\" target=\"_blank\" rel=\"noopener\"><span class=\"C9DxTc \" style=\"color: #008080;\">Construcci\u00f3n y encofrados<\/span><\/a><\/h2>\n<p>[\/et_pb_text][et_pb_text _builder_version=\u00bb4.25.1&#8243; _module_preset=\u00bbdefault\u00bb global_colors_info=\u00bb{}\u00bb]<\/p>\n<p style=\"text-align: center;\"><span class=\"C9DxTc \">Construcci\u00f3n de viviendas y encofrados para todo tipo de estructuras<\/span><\/p>\n<p>[\/et_pb_text][\/et_pb_column][et_pb_column type=\u00bb1_3&#8243; _builder_version=\u00bb4.25.1&#8243; _module_preset=\u00bbdefault\u00bb global_colors_info=\u00bb{}\u00bb][et_pb_image src=\u00bbhttps:\/\/encofradosramallo.com\/wp-content\/uploads\/2024\/05\/d20f4918c1ca5cb4588aa5c2d95df808.png\u00bb title_text=\u00bbd20f4918c1ca5cb4588aa5c2d95df808&#8243; _builder_version=\u00bb4.25.1&#8243; _module_preset=\u00bbdefault\u00bb global_colors_info=\u00bb{}\u00bb][\/et_pb_image][et_pb_text _builder_version=\u00bb4.25.1&#8243; _module_preset=\u00bbdefault\u00bb hover_enabled=\u00bb0&#8243; global_colors_info=\u00bb{}\u00bb sticky_enabled=\u00bb0&#8243;]<\/p>\n<h2 style=\"text-align: center;\"><a href=\"https:\/\/sites.google.com\/view\/encofrados-ramallo\/servicios\" target=\"_blank\" rel=\"noopener\"><span class=\"C9DxTc \" style=\"color: #008080;\">Servicio de transportes<\/span><\/a><\/h2>\n<p>[\/et_pb_text][et_pb_text _builder_version=\u00bb4.25.1&#8243; _module_preset=\u00bbdefault\u00bb global_colors_info=\u00bb{}\u00bb]<\/p>\n<p style=\"text-align: center;\"><span class=\"C9DxTc \">\u00a0Trabajos para empresas y cami\u00f3n pluma<\/span><\/p>\n<p>[\/et_pb_text][\/et_pb_column][et_pb_column type=\u00bb1_3&#8243; _builder_version=\u00bb4.25.1&#8243; _module_preset=\u00bbdefault\u00bb global_colors_info=\u00bb{}\u00bb][et_pb_image src=\u00bbhttps:\/\/encofradosramallo.com\/wp-content\/uploads\/2024\/05\/304aeddd355447b064b61d407345addc.png\u00bb title_text=\u00bb304aeddd355447b064b61d407345addc\u00bb align=\u00bbcenter\u00bb _builder_version=\u00bb4.25.1&#8243; _module_preset=\u00bbdefault\u00bb global_colors_info=\u00bb{}\u00bb][\/et_pb_image][et_pb_text _builder_version=\u00bb4.25.1&#8243; _module_preset=\u00bbdefault\u00bb hover_enabled=\u00bb0&#8243; global_colors_info=\u00bb{}\u00bb sticky_enabled=\u00bb0&#8243;]<\/p>\n<h2 style=\"text-align: center;\"><a href=\"https:\/\/sites.google.com\/view\/encofrados-ramallo\/servicios\" target=\"_blank\" rel=\"noopener\"><span class=\"C9DxTc \" style=\"color: #008080;\">Excavaciones<\/span><\/a><\/h2>\n<p>[\/et_pb_text][et_pb_text _builder_version=\u00bb4.25.1&#8243; _module_preset=\u00bbdefault\u00bb global_colors_info=\u00bb{}\u00bb]<\/p>\n<p style=\"text-align: center;\"><span class=\"C9DxTc \">Variedad de trabajos de excavaci\u00f3n y movimiento de tierra.<\/span><\/p>\n<p>[\/et_pb_text][\/et_pb_column][\/et_pb_row][\/et_pb_section][et_pb_section fb_built=\u00bb1&#8243; _builder_version=\u00bb4.25.1&#8243; _module_preset=\u00bbdefault\u00bb background_color=\u00bb#2596be\u00bb global_colors_info=\u00bb{}\u00bb][et_pb_row _builder_version=\u00bb4.25.1&#8243; _module_preset=\u00bbdefault\u00bb global_colors_info=\u00bb{}\u00bb][et_pb_column type=\u00bb4_4&#8243; _builder_version=\u00bb4.25.1&#8243; _module_preset=\u00bbdefault\u00bb global_colors_info=\u00bb{}\u00bb][et_pb_text _builder_version=\u00bb4.25.1&#8243; _module_preset=\u00bbdefault\u00bb background_color=\u00bb#2596be\u00bb global_colors_info=\u00bb{}\u00bb]<\/p>\n<h1 style=\"text-align: center;\"><strong><span style=\"color: #ffffff;\">Nuestros Proyectos<\/span><\/strong><\/h1>\n<p>[\/et_pb_text][\/et_pb_column][\/et_pb_row][\/et_pb_section][et_pb_section fb_built=\u00bb1&#8243; _builder_version=\u00bb4.25.1&#8243; _module_preset=\u00bbdefault\u00bb global_colors_info=\u00bb{}\u00bb][et_pb_row column_structure=\u00bb1_5,1_5,1_5,1_5,1_5&#8243; _builder_version=\u00bb4.25.1&#8243; _module_preset=\u00bbdefault\u00bb global_colors_info=\u00bb{}\u00bb][et_pb_column type=\u00bb1_5&#8243; _builder_version=\u00bb4.25.1&#8243; _module_preset=\u00bbdefault\u00bb global_colors_info=\u00bb{}\u00bb][et_pb_image src=\u00bbhttps:\/\/encofradosramallo.com\/wp-content\/uploads\/2024\/05\/1af498e7564076cdc12618d339b6f98d.jpg\u00bb title_text=\u00bb1af498e7564076cdc12618d339b6f98d\u00bb _builder_version=\u00bb4.25.1&#8243; _module_preset=\u00bbdefault\u00bb hover_enabled=\u00bb0&#8243; global_colors_info=\u00bb{}\u00bb url=\u00bbhttps:\/\/sites.google.com\/view\/encofrados-ramallo\/proyectos\/muros\u00bb url_new_window=\u00bbon\u00bb sticky_enabled=\u00bb0&#8243;][\/et_pb_image][\/et_pb_column][et_pb_column type=\u00bb1_5&#8243; _builder_version=\u00bb4.25.1&#8243; _module_preset=\u00bbdefault\u00bb global_colors_info=\u00bb{}\u00bb][et_pb_image src=\u00bbhttps:\/\/encofradosramallo.com\/wp-content\/uploads\/2024\/05\/211c64002bbd5bc4f7396cf77c5ebb3c.jpg\u00bb title_text=\u00bb211c64002bbd5bc4f7396cf77c5ebb3c\u00bb _builder_version=\u00bb4.25.1&#8243; _module_preset=\u00bbdefault\u00bb hover_enabled=\u00bb0&#8243; global_colors_info=\u00bb{}\u00bb url=\u00bbhttps:\/\/sites.google.com\/view\/encofrados-ramallo\/proyectos\/pilares\u00bb url_new_window=\u00bbon\u00bb sticky_enabled=\u00bb0&#8243;][\/et_pb_image][\/et_pb_column][et_pb_column type=\u00bb1_5&#8243; _builder_version=\u00bb4.25.1&#8243; _module_preset=\u00bbdefault\u00bb global_colors_info=\u00bb{}\u00bb][et_pb_image src=\u00bbhttps:\/\/encofradosramallo.com\/wp-content\/uploads\/2024\/05\/953097da2c4213f3ed4a20ec75e4ac4a.jpg\u00bb title_text=\u00bb953097da2c4213f3ed4a20ec75e4ac4a\u00bb _builder_version=\u00bb4.25.1&#8243; _module_preset=\u00bbdefault\u00bb hover_enabled=\u00bb0&#8243; global_colors_info=\u00bb{}\u00bb url=\u00bbhttps:\/\/sites.google.com\/view\/encofrados-ramallo\/proyectos\/estructuras-de-hormig%C3%B3n\u00bb url_new_window=\u00bbon\u00bb sticky_enabled=\u00bb0&#8243;][\/et_pb_image][\/et_pb_column][et_pb_column type=\u00bb1_5&#8243; _builder_version=\u00bb4.25.1&#8243; _module_preset=\u00bbdefault\u00bb global_colors_info=\u00bb{}\u00bb][et_pb_image src=\u00bbhttps:\/\/encofradosramallo.com\/wp-content\/uploads\/2024\/05\/9555847e77a51425cfb0fb5493cb7bb6.jpg\u00bb title_text=\u00bb9555847e77a51425cfb0fb5493cb7bb6&#8243; _builder_version=\u00bb4.25.1&#8243; _module_preset=\u00bbdefault\u00bb hover_enabled=\u00bb0&#8243; global_colors_info=\u00bb{}\u00bb url=\u00bbhttps:\/\/sites.google.com\/view\/encofrados-ramallo\/proyectos\/soleras\u00bb url_new_window=\u00bbon\u00bb sticky_enabled=\u00bb0&#8243;][\/et_pb_image][\/et_pb_column][et_pb_column type=\u00bb1_5&#8243; _builder_version=\u00bb4.25.1&#8243; _module_preset=\u00bbdefault\u00bb global_colors_info=\u00bb{}\u00bb][et_pb_image src=\u00bbhttps:\/\/encofradosramallo.com\/wp-content\/uploads\/2024\/05\/28a091703c06735339488a97ed74df67.jpg\u00bb _builder_version=\u00bb4.25.1&#8243; _module_preset=\u00bbdefault\u00bb title_text=\u00bb28a091703c06735339488a97ed74df67&#8243; url=\u00bbhttps:\/\/sites.google.com\/view\/encofrados-ramallo\/proyectos\/forjados\u00bb url_new_window=\u00bbon\u00bb hover_enabled=\u00bb0&#8243; sticky_enabled=\u00bb0&#8243;][\/et_pb_image][\/et_pb_column][\/et_pb_row][et_pb_row _builder_version=\u00bb4.25.1&#8243; _module_preset=\u00bbdefault\u00bb global_colors_info=\u00bb{}\u00bb][et_pb_column type=\u00bb4_4&#8243; _builder_version=\u00bb4.25.1&#8243; _module_preset=\u00bbdefault\u00bb global_colors_info=\u00bb{}\u00bb][et_pb_image src=\u00bbhttps:\/\/encofradosramallo.com\/wp-content\/uploads\/2024\/05\/031ae4da38c8768a7f91056d133ff230.png\u00bb title_text=\u00bb031ae4da38c8768a7f91056d133ff230&#8243; _builder_version=\u00bb4.25.1&#8243; _module_preset=\u00bbdefault\u00bb width=\u00bb36%\u00bb module_alignment=\u00bbcenter\u00bb global_colors_info=\u00bb{}\u00bb][\/et_pb_image][\/et_pb_column][\/et_pb_row][\/et_pb_section]<\/p>\n","protected":false},"excerpt":{"rendered":"<p>EL ARTE DE ENTENDER LA CONSTRUCCI\u00d3N EL ARTE DE CONSTRUIR Construimos desde los cimientos, planificando y dise\u00f1ando cada espacio, utilizando las t\u00e9cnicas m\u00e1s innovadoras pero sin olvidar la parte m\u00e1s artesanal, tradicional y delicada que ya no se ejecuta en el sector.\u00a0 Asesoramiento, dise\u00f1o e innovaci\u00f3n. Nos avalan m\u00e1s de 30 a\u00f1os de experiencia y [&hellip;]<\/p>\n","protected":false},"author":1,"featured_media":0,"parent":0,"menu_order":0,"comment_status":"closed","ping_status":"closed","template":"","meta":{"_et_pb_use_builder":"on","_et_pb_old_content":"","_et_gb_content_width":"","footnotes":""},"class_list":["post-248","page","type-page","status-publish","hentry"],"_links":{"self":[{"href":"https:\/\/encofradosramallo.com\/index.php?rest_route=\/wp\/v2\/pages\/248","targetHints":{"allow":["GET"]}}],"collection":[{"href":"https:\/\/encofradosramallo.com\/index.php?rest_route=\/wp\/v2\/pages"}],"about":[{"href":"https:\/\/encofradosramallo.com\/index.php?rest_route=\/wp\/v2\/types\/page"}],"author":[{"embeddable":true,"href":"https:\/\/encofradosramallo.com\/index.php?rest_route=\/wp\/v2\/users\/1"}],"replies":[{"embeddable":true,"href":"https:\/\/encofradosramallo.com\/index.php?rest_route=%2Fwp%2Fv2%2Fcomments&post=248"}],"version-history":[{"count":23,"href":"https:\/\/encofradosramallo.com\/index.php?rest_route=\/wp\/v2\/pages\/248\/revisions"}],"predecessor-version":[{"id":358,"href":"https:\/\/encofradosramallo.com\/index.php?rest_route=\/wp\/v2\/pages\/248\/revisions\/358"}],"wp:attachment":[{"href":"https:\/\/encofradosramallo.com\/index.php?rest_route=%2Fwp%2Fv2%2Fmedia&parent=248"}],"curies":[{"name":"wp","href":"https:\/\/api.w.org\/{rel}","templated":true}]}}